 Determine y(13).
7
Let o(z) = -63*z + 64. What is o(-15)?
1009
Let o(j) = j**3 + 26*j**2 - 25*j - 55. What is o(-27)?
-109
Let r(d) = 5*d**2 + 311*d + 554. Calculate r(-60).
-106
Let v(p) = p**2 - 33*p + 152. Determine v(16).
-120
Let x(l) = 2*l**2 + 87*l - 1534. Give x(-57).
5
Let o(t) = 2*t**2 + 10*t - 99. Determine o(-8).
-51
Let b(j) = 8*j + 120. What is b(-14)?
8
Let s(z) = -4*z**2 + 231*z - 2179. Give s(12).
17
Let n(z) = -13*z**3 + 39*z**2 + 11*z - 11. What is n(4)?
-175
Let b(u) = u**3 - 10*u**2 + 23*u + 18. What is b(6)?
12
Let d(m) = 4*m**3 - 22*m**2 + 21*m - 97. Calculate d(6).
101
Let v(j) = j**3 - j**2 + 23*j - 52. Give v(2).
-2
Let v(y) = -y**2 - 13836*y + 124607. Determine v(9).
2
Let v(x) = x**3 + 4*x**2 + 37*x + 211. Determine v(-5).
1
Let l(w) = -2*w**2 - 30*w + 2414. Calculate l(28).
6
Let j(f) = 563*f - 15342. Determine j(27).
-141
Let i(k) = 3*k**2 + 290*k - 413. Give i(-98).
-21
Let i(n) = -n**2 + 70*n - 5. What is i(0)?
-5
Let p(g) = -58*g**2 + 1796*g - 41. Determine p(31).
-103
Let p(j) = -12*j**3 - 168*j**2 - 17*j - 253. Calculate p(-14).
-15
Let c(d) = -d**3 + 19*d**2 - 19*d - 63. What is c(17)?
192
Let u(k) = k**3 + 43*k**2 + 79*k - 125. What is u(-41)?
-2
Let w(g) = 15*g - 72. What is w(4)?
-12
Let x(j) = 15*j - 164. Calculate x(12).
16
Let r(u) = 1379*u - 244076. Give r(177).
7
Let l(j) = -j**3 + 9*j**2 + 58*j - 84. Determine l(12).
180
Let r(t) = -513*t + 3600. Give r(7).
9
Let y(n) = n**2 + 53*n + 199. Give y(-4).
3
Let z(q) = 3*q**3 + 56*q**2 + 25*q + 2108. Calculate z(-20).
8
Let f(q) = 33*q - 186. Give f(4).
-54
Let x(m) = -3*m**3 + 7*m**2 - 5*m - 9. Calculate x(2).
-15
Let z(r) = 1538*r - 373736. What is z(243)?
-2
Let u(w) = -w**3 - 235*w**2 - 699*w - 694. Give u(-232).
2
Let i(z) = 131*z - 4553. Give i(35).
32
Let o(k) = 8*k**2 + 13*k - 14. Give o(0).
-14
Let j(l) = -2*l**3 - 15*l**2 - 31*l - 172. Give j(-7).
-4
Let o(a) = 79*a + 1893. Determine o(-24).
-3
Let a(j) = 598*j - 13775. Calculate a(23).
-21
Let y(b) = 79*b - 4578. What is y(59)?
83
Let y(u) = u**3 + 4*u**2 - 9*u - 3. What is y(-6)?
-21
Let y(f) = -2*f**2 - 63*f - 69. Give y(-30).
21
Let x(d) = -2*d**2 + 145*d - 447. Calculate x(3).
-30
Let b(u) = 16*u - 18. Determine b(2).
14
Let v(z) = -5023*z - 341560. What is v(-68)?
4
Let k(z) = -z**2 - 71*z - 1174. What is k(-44)?
14
Let v(z) = -61*z + 188. Determine v(3).
5
Let j(g) = 28*g + 2103. Calculate j(-49).
731
Let v(n) = 148*n + 3071. Give v(-19).
259
Let b(r) = r**3 + 49*r**2 + 90*r - 53. Determine b(-47).
135
Let a(g) = -g**2 - 533*g - 10750. Calculate a(-21).
2
Let d(m) = 2*m**2 + 41*m - 327. Determine d(6).
-9
Let s(f) = 10*f**2 - 42*f - 19. Give s(3).
-55
Let y(r) = -r**3 + 20*r**2 - 43*r + 190. Determine y(18).
64
Let k(x) = -x**2 + 74*x - 893. What is k(59)?
-8
Let i(c) = -2*c**3 + 13*c**2 + 266*c - 195. What is i(15)?
-30
Let o(u) = -76*u**3 + 2*u**2 + 4*u - 6. What is o(1)?
-76
Let w(o) = -7*o**2 - 102*o - 266. Give w(-11).
9
Let q(p) = -9*p**2 + 193*p + 252. Determine q(23).
-70
Let t(i) = 215*i + 4964. Calculate t(-23).
19
Let m(y) = -3*y**3 + 2*y**2 - 3*y - 11. Calculate m(-5).
429
Let q(t) = 3*t + 147. Calculate q(43).
276
Let q(t) = -16*t**2 + 163*t - 32. What is q(10)?
-2
Let r(o) = -o**3 + 2*o**2 - 5*o + 46. Determine r(4).
-6
Let m(q) = -15*q**2 + 13*q - 27. Determine m(3).
-123
Let q(h) = 118*h - 9062. What is q(78)?
142
Let m(v) = v**3 - 191*v**2 + 193*v - 569. Give m(190).
1
Let t(r) = 143*r**2 + 1714*r - 37. Calculate t(-12).
-13
Let j(p) = -655*p - 17098. Give j(-26).
-68
Let b(p) = 6*p**2 + 107*p - 379. What is b(-21)?
20
Let l(q) = -7*q**3 + 204*q**2 - 40*q + 311. Calculate l(29).
-8
Let c(o) = 5*o + 89. Calculate c(23).
204
Let d(f) = -187*f + 4549. Calculate d(24).
61
Let k(n) = 2*n**3 + 19*n**2 - 14*n + 34. Determine k(-8).
338
Let q(o) = 105*o + 422. Determine q(-6).
-208
Let f(p) = -14*p - 347. Determine f(-22).
-39
Let v(g) = 9*g**2 + 35*g - 3. Determine v(-4).
1
Let v(j) = -j**3 + 7*j**2 + 5*j + 22. Calculate v(8).
-2
Let j(a) = 19*a**2 + 530*a - 64. Calculate j(-28).
-8
Let i(q) = -48*q + 100. Calculate i(3).
-44
Let y(b) = -b**3 - 23*b**2 + 109*b + 18. Give y(-27).
-9
Let p(i) = -4033*i - 4036. Calculate p(-1).
-3
Let k(m) = -m**3 + 26*m**2 + 8*m - 174. What is k(26)?
34
Let d(z) = 128*z + 2055. Determine d(-16).
7
Let n(b) = -245*b - 4537. Calculate n(-18).
-127
Let y(q) = -18*q**2 - 4*q + 3. Calculate y(-1).
-11
Let v(y) = -y**3 + 13*y**2 - 31*y + 5. Calculate v(3).
2
Let f(o) = o - 282. Determine f(12).
-270
Let h(y) = -14*y**2 - 483*y + 5481. Give h(9).
0
Let w(x) = -12*x + 343. Determine w(27).
19
Let g(x) = -162*x + 4527. Determine g(28).
-9
Let x(r) = 8*r**2 + 606*r - 138. What is x(-76)?
14
Let h(j) = -439*j + 772. Calculate h(2).
-106
Let w(u) = -u**3 - 21*u**2 - 56*u - 36. Give w(-18).
0
Let u(w) = -2*w**3 + 19*w**2 - 14*w + 94. What is u(9)?
49
Let k(j) = j**3 - 15*j**2 + 5*j - 24. What is k(15)?
51
Let o(b) = -33*b - 1276. Determine o(-39).
11
Let z(x) = x**3 + 23*x**2 + 103*x + 17. What is z(-6)?
11
Let f(m) = -256*m + 56322. What is f(220)?
2
Let l(z) = -8*z**2 - 3*z - 17. Calculate l(-4).
-133
Let f(o) = -4*o**2 - 308*o + 1590. What is f(5)?
-50
Let u(x) = 4*x + 213. Give u(0).
213
Let n(c) = 40*c**2 - 357*c - 432. Give n(10).
-2
Let z(r) = 3*r**3 + 335*r**2 - 111*r + 100. Determine z(-112).
-12
Let h(b) = -b**3 - 9*b**2 + 103*b - 5. Give h(-16).
139
Let i(y) = -19*y**2 + 36*y + 52. Give i(6).
-416
Let b(n) = n**2 - 84*n - 1710. Determine b(-17).
7
Let o(j) = -2579*j + 12967. What is o(5)?
72
Let r(u) = -16*u + 46. Give r(5).
-34
Let b(g) = 4*g**2 + 87*g - 30. Give b(-22).
-8
Let a(v) = v**3 + 290*v**2 + 325*v + 94252. Determine a(-290).
2
Let k(j) = -j**2 + 37*j - 108. Determine k(3).
-6
Let u(f) = -f**3 + 14*f**2 - 11*f - 16. Determine u(9).
290
Let v(h) = h**2 + 57*h + 644. Determine v(-18).
-58
Let n(l) = l**3 - 21*l**2 - 68*l - 84. What is n(24)?
12
Let p(z) = 8*z - 58. Determine p(23).
126
Let x(d) = 3*d**2 - 6*d + 23. Calculate x(6).
95
Let q(l) = -4*l**2 + 16*l - 52. Determine q(3).
-40
Let j(t) = -2*t**3 - 53*t**2 - 22*t + 96. Give j(-26).
-8
Let d(s) = s**2 - 123*s + 3675. What is d(73)?
25
Let w(z) = -29*z**2 + 1970*z + 151. Calculate w(68).
15
Let v(n) = 63*n + 4522. Determine v(-72).
-14
Let x(k) = k**3 - 15*k**2 + 94*k - 883. What is x(13)?
1
Let s(r) = 19*r + 331. Give s(-13).
84
Let v(f) = -f**3 + 17*f**2 - 7*f + 41. Determine v(17).
-78
Let r(h) = h**3 - 5*h - 4. Give r(-1).
0
Let a(p) = p**2 - 12*p - 12. Calculate a(12).
-12
Let o(g) = -g**2 + 2*g + 244. Determine o(-15).
-11
Let n(k) = 11*k + 125. What is n(-17)?
-62
Let z(s) = s**2 + 27*s - 2474. Give z(-65).
-4
Let p(l) = 193*l + 21252. Calculate p(-110).
22
Let m(c) = c**3 - 165*c**2 + 321*c + 814. Calculate m(163).
-1
Let r(d) = -65*d + 1382. Calculate r(20).
82
Let i(p) = p**2 + 13*p - 27. What is i(-10)?
-57
Let q(x) = 422*x + 4645. Calculate q(-11).
3
Let j(z) = -z**2 + 32*z + 234. Determine j(34).
166
Let c(w) = 3*w**3 - 203*w**2 + 140*w - 396. Give c(67).
6
Let n(b) = 11*b**3 - 445*b**2 + 624*b + 1. Give n(39).
1
Let w(k) = 70*k - 527. Determine w(7).
-37
Let z(c) = -c**3 + 115*c**2 - 211*c - 1691. Determine z(113).
4
Let w(n) = 8*n**2 - 164*n - 69. Calculate w(21).
15
Let w(m) = 22*m - 381. Give w(21).
81
Let k(i) = i**2 - i - 239. What is k(0)?
-239
Let v(m) = -2*m**2 - 41*m + 158. Determine v(-24).
-10
Let a(q) = -208*q**2 - 401*q - 402. Give a(-1).
-209
Let h(j) = j**3 - 2*j**2 + 3*j - 158. Give h(6).
4
Let s(j) = -j**3 + 19*j**2 + 10*j + 261. Give s(20).
61
Let h(v) = -2*v**2 - v - 18. What is h(3)?
-39
Let i(j) = j**3 - 3*j**2 - 37*j + 19. Calculate i(8).
43
Let v(i) = -63*i**2 - 3013*i + 536. Calculate v(-48).
8
Let c(l) = -4*l**3 + 59*l**2 - 108*l - 1. What is c(2)?
-13
Let f(u) = -160*u**2 - 4163*u - 59. Calculate f(-26).
19
Let f(w) = 214*w**3 + w**2 + 2*w - 3. Give f(1).
214
Let u(s) = s**2 - 20*s - 83. What is u(24)?
13
Let f(a) = 4*a**2 + 45*a + 93. What is f(-4)?
-23
Let d(k) = -k**3 + 12*k**2 + 27*k + 35. Calculate d(12).
359
Let a(p) = p - 92. Give a(15).
-77
Let b(n) = n**3 - 66*n**2 - 208*n + 29. What is b(69)?
-40
Let x(y) = y**3 - 9*y**2 + 14*y - 4. Give x(5).
-34
Let v(u) = -10*u**3 + 90*u**2 - 26*u + 174. Calculate v(9).
-60
Let w(z) = -7*z**2 +